{"id":2,"date":"2025-10-08T16:37:15","date_gmt":"2025-10-08T16:37:15","guid":{"rendered":"http:\/\/bip.polskiinteresnarodowy.org\/?page_id=2"},"modified":"2025-10-12T19:49:33","modified_gmt":"2025-10-12T19:49:33","slug":"bip-pin","status":"publish","type":"page","link":"https:\/\/bip.polskiinteresnarodowy.org\/","title":{"rendered":"BIP Polski Interes Narodowy"},"content":{"rendered":"\n<figure class=\"wp-block-image size-full is-resized\"><img decoding=\"async\" width=\"300\" height=\"107\" src=\"https:\/\/bip.polskiinteresnarodowy.org\/wp-content\/uploads\/2025\/10\/logo_bip-300x107-1.jpg\" alt=\"\" class=\"wp-image-8\" style=\"width:280px;height:auto\"\/><\/figure>\n\n\n\n<h2 class=\"wp-block-heading\"><br>&nbsp;<br><strong>Dane adresowe<\/strong><\/h2>\n\n\n\n<p><br>ul. Jana Paw\u0142a II 43a\/37b<br>01-001 Warszawa<br>tel. 731-893-114<br>e-mail: pin@polskiinteresnarodowy.org<br>REGON 541005286<br>NIP 5273161012<br><br>konto bankowe:84 1090 2718 0000 0001 6378 1645<\/p>\n\n\n\n<h2 class=\"wp-block-heading\"><br><strong>Cz\u0142onkowie Zarz\u0105du Krajowego<\/strong><\/h2>\n\n\n\n<p><br>Robert \u015aled\u017a &#8211; prezes<br>Maciej Tuss &#8211; wiceprezes<br>Dariusz Macha\u0142ek<br>Dawid Widuch<\/p>\n\n\n\n<p><\/p>\n\n\n\n<h2 class=\"wp-block-heading\"><a href=\"https:\/\/polskiinteresnarodowy.org\/statut-partii\/\" data-type=\"link\" data-id=\"https:\/\/polskiinteresnarodowy.org\/statut-partii\/\">STATUT PARTII<\/a><\/h2>\n\n\n\n<p><\/p>\n\n\n\n<h2 class=\"wp-block-heading\"><a href=\"http:\/\/bip.polskiinteresnarodowy.org\/wp-content\/uploads\/2025\/10\/Rejestr-umow-X-2025.pdf\" data-type=\"link\" data-id=\"https:\/\/polskiinteresnarodowy.org\/statut-partii\/\" target=\"_blank\" rel=\"noreferrer noopener\">Rejestr um\u00f3w<\/a><\/h2>\n\n\n\n<p><\/p>\n\n\n\n<h2 class=\"wp-block-heading\"><a href=\"http:\/\/bip.polskiinteresnarodowy.org\/wp-content\/uploads\/2025\/10\/rejestr-wplat-stan-na-X.2025.pdf\" data-type=\"link\" data-id=\"https:\/\/polskiinteresnarodowy.org\/statut-partii\/\" target=\"_blank\" rel=\"noreferrer noopener\">Rejestr wp\u0142at<\/a><\/h2>\n\n\n\n<p><br><strong>Redaktor BIP<\/strong><\/p>\n\n\n\n<p>Robert \u015aled\u017a, tel. 731-893-114 <br>e-mail: r.s@polskiinteresnarodowy.org<br><br>Informacj\u0119 przygotowa\u0142: Robert \u015aled\u017a<\/p>\n\n\n\n<p>Opublikowa\u0142: Robert \u015aled\u017a<\/p>\n\n\n\n<p>Stron\u0119 utworzono: 2025-10-10<\/p>\n\n\n\n<p>Ostatnia zmiana: 2025-10-12 o 21:49<\/p>\n","protected":false},"excerpt":{"rendered":"<p>&nbsp;Dane adresowe ul. Jana Paw\u0142a II 43a\/37b01-001 Warszawatel. 731-893-114e-mail: pin@polskiinteresnarodowy.orgREGON 541005286NIP 5273161012 konto bankowe:84 1090 2718 0000 0001 6378 1645 Cz\u0142onkowie Zarz\u0105du Krajowego Robert \u015aled\u017a &#8211; prezesMaciej Tuss &#8211; wiceprezesDariusz Macha\u0142ekDawid Widuch STATUT PARTII Rejestr um\u00f3w Rejestr wp\u0142at Redaktor BIP Robert \u015aled\u017a, tel. 731-893-114 e-mail: r.s@polskiinteresnarodowy.org Informacj\u0119 przygotowa\u0142: Robert \u015aled\u017a Opublikowa\u0142: Robert \u015aled\u017a Stron\u0119 utworzono: [&hellip;]<\/p>\n","protected":false},"author":1,"featured_media":0,"parent":0,"menu_order":0,"comment_status":"closed","ping_status":"closed","template":"","meta":{"footnotes":""},"class_list":["post-2","page","type-page","status-publish","hentry","entry"],"_links":{"self":[{"href":"https:\/\/bip.polskiinteresnarodowy.org\/index.php\/wp-json\/wp\/v2\/pages\/2","targetHints":{"allow":["GET"]}}],"collection":[{"href":"https:\/\/bip.polskiinteresnarodowy.org\/index.php\/wp-json\/wp\/v2\/pages"}],"about":[{"href":"https:\/\/bip.polskiinteresnarodowy.org\/index.php\/wp-json\/wp\/v2\/types\/page"}],"author":[{"embeddable":true,"href":"https:\/\/bip.polskiinteresnarodowy.org\/index.php\/wp-json\/wp\/v2\/users\/1"}],"replies":[{"embeddable":true,"href":"https:\/\/bip.polskiinteresnarodowy.org\/index.php\/wp-json\/wp\/v2\/comments?post=2"}],"version-history":[{"count":9,"href":"https:\/\/bip.polskiinteresnarodowy.org\/index.php\/wp-json\/wp\/v2\/pages\/2\/revisions"}],"predecessor-version":[{"id":32,"href":"https:\/\/bip.polskiinteresnarodowy.org\/index.php\/wp-json\/wp\/v2\/pages\/2\/revisions\/32"}],"wp:attachment":[{"href":"https:\/\/bip.polskiinteresnarodowy.org\/index.php\/wp-json\/wp\/v2\/media?parent=2"}],"curies":[{"name":"wp","href":"https:\/\/api.w.org\/{rel}","templated":true}]}}